{"id":1061,"date":"2020-04-28T13:16:28","date_gmt":"2020-04-28T11:16:28","guid":{"rendered":"http:\/\/waldhorn.pfeiffer-it.com\/?page_id=1061"},"modified":"2022-01-31T07:08:36","modified_gmt":"2022-01-31T06:08:36","slug":"pandemie-notfall-plan","status":"publish","type":"page","link":"https:\/\/arbeit-und-medizin.de\/?page_id=1061","title":{"rendered":"Pandemie-Notfall-Plan"},"content":{"rendered":"\t\t<div data-elementor-type=\"wp-page\" data-elementor-id=\"1061\" class=\"elementor elementor-1061\" data-elementor-settings=\"[]\">\n\t\t\t\t\t\t<div class=\"elementor-inner\">\n\t\t\t\t\t\t\t<div class=\"elementor-section-wrap\">\n\t\t\t\t\t\t\t<section class=\"elementor-section elementor-top-section elementor-element elementor-element-65431d6 elementor-section-height-full elementor-section-boxed elementor-section-height-default elementor-section-items-middle\" data-id=\"65431d6\" data-element_type=\"section\" data-settings=\"{&quot;background_background&quot;:&quot;classic&quot;}\">\n\t\t\t\t\t\t\t<div class=\"elementor-background-overlay\"><\/div>\n\t\t\t\t\t\t\t<div class=\"elementor-container elementor-column-gap-default\">\n\t\t\t\t\t\t\t<div class=\"elementor-row\">\n\t\t\t\t\t<div class=\"elementor-column elementor-col-50 elementor-top-column elementor-element elementor-element-fb9a879\" data-id=\"fb9a879\" data-element_type=\"column\">\n\t\t\t<div class=\"elementor-column-wrap elementor-element-populated\">\n\t\t\t\t\t\t\t<div class=\"elementor-widget-wrap\">\n\t\t\t\t\t\t<div class=\"elementor-element elementor-element-d767601 elementor-widget elementor-widget-text-editor\" data-id=\"d767601\" data-element_type=\"widget\" data-widget_type=\"text-editor.default\">\n\t\t\t\t<div class=\"elementor-widget-container\">\n\t\t\t\t\t\t\t\t<div class=\"elementor-text-editor elementor-clearfix\">\n\t\t\t\t<article><p align=\"left\"><strong>Wir erstellen f\u00fcr Sie einen Pandemie Notfall Plan<\/strong><\/p><ul><li style=\"text-align: justify;\">Benennung eines\/einer Verantwortlichen f\u00fcr die Planung und die Vorbereitungsma\u00dfnahmen f\u00fcr eine Influenzapandemie, Einbeziehung der notwendigen Beteiligten bzw. Betriebsbereiche<\/li><li style=\"text-align: justify;\">Ausarbeitung eines F\u00fchrungskonzeptes f\u00fcr eine Influenzapandemie in gr\u00f6\u00dferen Unternehmen<\/li><li style=\"text-align: justify;\">Festlegung von Regeln der Information und Kommunikation, z. B. zur Information von Mitarbeitern, Kunden und der \u00d6ffentlichkeit<\/li><li style=\"text-align: justify;\">Zentrale Steuerung aller Informationen<\/li><li style=\"text-align: justify;\">Festlegung von allgemeinen Verhaltensregeln, z. B. Regeln f\u00fcr das Verhalten bei Erkrankungen von Mitarbeitern und Personen in deren h\u00e4uslichem Umfeld sowie Regeln zur pers\u00f6nlichen Hygiene<\/li><li style=\"text-align: justify;\">Bekanntmachung dieser Regeln in geeigneter Form, z. B. durch Unterweisungen, per E-Mail, Intranet, Aush\u00e4nge etc.<\/li><\/ul><p>Das sind nur einige Punkte die beachtet und strukturiert im Betrieb umgesetzt werden m\u00fcssen.<\/p><p>Wir helfen Ihnen dabei.<\/p><p align=\"left\"><strong>Arbeit + Medizin<\/strong><\/p><p align=\"left\">\u00a0<\/p><div>\u00a0<\/div><\/article>\t\t\t\t\t<\/div>\n\t\t\t\t\t\t<\/div>\n\t\t\t\t<\/div>\n\t\t\t\t\t\t<\/div>\n\t\t\t\t\t<\/div>\n\t\t<\/div>\n\t\t\t\t<div class=\"elementor-column elementor-col-50 elementor-top-column elementor-element elementor-element-9b066b6\" data-id=\"9b066b6\" data-element_type=\"column\">\n\t\t\t<div class=\"elementor-column-wrap elementor-element-populated\">\n\t\t\t\t\t\t\t<div class=\"elementor-widget-wrap\">\n\t\t\t\t\t\t<div class=\"elementor-element elementor-element-e01f8c3 elementor-widget elementor-widget-image\" data-id=\"e01f8c3\" data-element_type=\"widget\" data-widget_type=\"image.default\">\n\t\t\t\t<div class=\"elementor-widget-container\">\n\t\t\t\t\t\t\t\t<div class=\"elementor-image\">\n\t\t\t\t\t\t\t\t\t\t\t\t<img width=\"800\" height=\"146\" src=\"https:\/\/arbeit-und-medizin.de\/wp-content\/uploads\/2020\/04\/Logo1.png\" class=\"attachment-large size-large\" alt=\"\" loading=\"lazy\" srcset=\"https:\/\/arbeit-und-medizin.de\/wp-content\/uploads\/2020\/04\/Logo1.png 1005w, https:\/\/arbeit-und-medizin.de\/wp-content\/uploads\/2020\/04\/Logo1-300x55.png 300w, https:\/\/arbeit-und-medizin.de\/wp-content\/uploads\/2020\/04\/Logo1-768x141.png 768w, https:\/\/arbeit-und-medizin.de\/wp-content\/uploads\/2020\/04\/Logo1-600x110.png 600w\" sizes=\"(max-width: 800px) 100vw, 800px\" \/>\t\t\t\t\t\t\t\t\t\t\t\t\t\t<\/div>\n\t\t\t\t\t\t<\/div>\n\t\t\t\t<\/div>\n\t\t\t\t<div class=\"elementor-element elementor-element-1ed8a3a elementor-widget elementor-widget-image\" data-id=\"1ed8a3a\" data-element_type=\"widget\" data-widget_type=\"image.default\">\n\t\t\t\t<div class=\"elementor-widget-container\">\n\t\t\t\t\t\t\t\t<div class=\"elementor-image\">\n\t\t\t\t\t\t\t\t\t\t\t\t<img width=\"800\" height=\"534\" src=\"https:\/\/arbeit-und-medizin.de\/wp-content\/uploads\/2020\/04\/covid-19-5070666_1920-1024x684.jpg\" class=\"attachment-large size-large\" alt=\"\" loading=\"lazy\" srcset=\"https:\/\/arbeit-und-medizin.de\/wp-content\/uploads\/2020\/04\/covid-19-5070666_1920-1024x684.jpg 1024w, https:\/\/arbeit-und-medizin.de\/wp-content\/uploads\/2020\/04\/covid-19-5070666_1920-300x200.jpg 300w, https:\/\/arbeit-und-medizin.de\/wp-content\/uploads\/2020\/04\/covid-19-5070666_1920-768x513.jpg 768w, https:\/\/arbeit-und-medizin.de\/wp-content\/uploads\/2020\/04\/covid-19-5070666_1920-1536x1026.jpg 1536w, https:\/\/arbeit-und-medizin.de\/wp-content\/uploads\/2020\/04\/covid-19-5070666_1920-600x401.jpg 600w, https:\/\/arbeit-und-medizin.de\/wp-content\/uploads\/2020\/04\/covid-19-5070666_1920.jpg 1920w\" sizes=\"(max-width: 800px) 100vw, 800px\" \/>\t\t\t\t\t\t\t\t\t\t\t\t\t\t<\/div>\n\t\t\t\t\t\t<\/div>\n\t\t\t\t<\/div>\n\t\t\t\t<div class=\"elementor-element elementor-element-7dec1bf elementor-widget elementor-widget-text-editor\" data-id=\"7dec1bf\" data-element_type=\"widget\" data-widget_type=\"text-editor.default\">\n\t\t\t\t<div class=\"elementor-widget-container\">\n\t\t\t\t\t\t\t\t<div class=\"elementor-text-editor elementor-clearfix\">\n\t\t\t\t<article><div><div><h2>Kontakt:<\/h2><p>Telefon: 07054 9294488<br \/>E-Mail:\u00a0<a href=\"mailto:janssen@arbeit-und-medizin.de\">janssen@arbeit-und-medizin.de<\/a><\/p><\/div><\/div><\/article>\t\t\t\t\t<\/div>\n\t\t\t\t\t\t<\/div>\n\t\t\t\t<\/div>\n\t\t\t\t\t\t<\/div>\n\t\t\t\t\t<\/div>\n\t\t<\/div>\n\t\t\t\t\t\t\t\t<\/div>\n\t\t\t\t\t<\/div>\n\t\t<\/section>\n\t\t\t\t\t\t<\/div>\n\t\t\t\t\t\t<\/div>\n\t\t\t\t\t<\/div>\n\t\t","protected":false},"excerpt":{"rendered":"<p>Wir erstellen f\u00fcr Sie einen Pandemie Notfall Plan Benennung eines\/einer Verantwortlichen f\u00fcr die Planung und die Vorbereitungsma\u00dfnahmen f\u00fcr eine Influenzapandemie, Einbeziehung der notwendigen Beteiligten bzw. Betriebsbereiche Ausarbeitung eines F\u00fchrungskonzeptes f\u00fcr eine Influenzapandemie in gr\u00f6\u00dferen Unternehmen Festlegung von Regeln der Information und Kommunikation, z. B. zur Information von Mitarbeitern, Kunden und der \u00d6ffentlichkeit Zentrale Steuerung aller [&hellip;]<\/p>\n","protected":false},"author":4,"featured_media":0,"parent":0,"menu_order":0,"comment_status":"closed","ping_status":"closed","template":"elementor_header_footer","meta":[],"_links":{"self":[{"href":"https:\/\/arbeit-und-medizin.de\/index.php?rest_route=\/wp\/v2\/pages\/1061"}],"collection":[{"href":"https:\/\/arbeit-und-medizin.de\/index.php?rest_route=\/wp\/v2\/pages"}],"about":[{"href":"https:\/\/arbeit-und-medizin.de\/index.php?rest_route=\/wp\/v2\/types\/page"}],"author":[{"embeddable":true,"href":"https:\/\/arbeit-und-medizin.de\/index.php?rest_route=\/wp\/v2\/users\/4"}],"replies":[{"embeddable":true,"href":"https:\/\/arbeit-und-medizin.de\/index.php?rest_route=%2Fwp%2Fv2%2Fcomments&post=1061"}],"version-history":[{"count":0,"href":"https:\/\/arbeit-und-medizin.de\/index.php?rest_route=\/wp\/v2\/pages\/1061\/revisions"}],"wp:attachment":[{"href":"https:\/\/arbeit-und-medizin.de\/index.php?rest_route=%2Fwp%2Fv2%2Fmedia&parent=1061"}],"curies":[{"name":"wp","href":"https:\/\/api.w.org\/{rel}","templated":true}]}}

<div data-elementor-type="wp-page" data-elementor-id="1061" class="elementor elementor-1061" data-elementor-settings="[]">
						<div class="elementor-inner">
							<div class="elementor-section-wrap">
							<section class="elementor-section elementor-top-section elementor-element elementor-element-65431d6 elementor-section-height-full elementor-section-boxed elementor-section-height-default elementor-section-items-middle" data-id="65431d6" data-element_type="section" data-settings="{&quot;background_background&quot;:&quot;classic&quot;}">
							<div class="elementor-background-overlay"></div>
							<div class="elementor-container elementor-column-gap-default">
							<div class="elementor-row">
					<div class="elementor-column elementor-col-50 elementor-top-column elementor-element elementor-element-fb9a879" data-id="fb9a879" data-element_type="column">
			<div class="elementor-column-wrap elementor-element-populated">
							<div class="elementor-widget-wrap">
						<div class="elementor-element elementor-element-d767601 elementor-widget elementor-widget-text-editor" data-id="d767601" data-element_type="widget" data-widget_type="text-editor.default">
				<div class="elementor-widget-container">
								<div class="elementor-text-editor elementor-clearfix">
				<article><p align="left"><strong>Wir erstellen für Sie einen Pandemie Notfall Plan</strong></p><ul><li style="text-align: justify;">Benennung eines/einer Verantwortlichen für die Planung und die Vorbereitungsmaßnahmen für eine Influenzapandemie, Einbeziehung der notwendigen Beteiligten bzw. Betriebsbereiche</li><li style="text-align: justify;">Ausarbeitung eines Führungskonzeptes für eine Influenzapandemie in größeren Unternehmen</li><li style="text-align: justify;">Festlegung von Regeln der Information und Kommunikation, z. B. zur Information von Mitarbeitern, Kunden und der Öffentlichkeit</li><li style="text-align: justify;">Zentrale Steuerung aller Informationen</li><li style="text-align: justify;">Festlegung von allgemeinen Verhaltensregeln, z. B. Regeln für das Verhalten bei Erkrankungen von Mitarbeitern und Personen in deren häuslichem Umfeld sowie Regeln zur persönlichen Hygiene</li><li style="text-align: justify;">Bekanntmachung dieser Regeln in geeigneter Form, z. B. durch Unterweisungen, per E-Mail, Intranet, Aushänge etc.</li></ul><p>Das sind nur einige Punkte die beachtet und strukturiert im Betrieb umgesetzt werden müssen.</p><p>Wir helfen Ihnen dabei.</p><p align="left"><strong>Arbeit + Medizin</strong></p><p align="left"> </p><div> </div></article>					</div>
						</div>
				</div>
						</div>
					</div>
		</div>
				<div class="elementor-column elementor-col-50 elementor-top-column elementor-element elementor-element-9b066b6" data-id="9b066b6" data-element_type="column">
			<div class="elementor-column-wrap elementor-element-populated">
							<div class="elementor-widget-wrap">
						<div class="elementor-element elementor-element-e01f8c3 elementor-widget elementor-widget-image" data-id="e01f8c3" data-element_type="widget" data-widget_type="image.default">
				<div class="elementor-widget-container">
								<div class="elementor-image">
												<img width="800" height="146" src="https://arbeit-und-medizin.de/wp-content/uploads/2020/04/Logo1.png" class="attachment-large size-large" alt="" loading="lazy" srcset="https://arbeit-und-medizin.de/wp-content/uploads/2020/04/Logo1.png 1005w, https://arbeit-und-medizin.de/wp-content/uploads/2020/04/Logo1-300x55.png 300w, https://arbeit-und-medizin.de/wp-content/uploads/2020/04/Logo1-768x141.png 768w, https://arbeit-und-medizin.de/wp-content/uploads/2020/04/Logo1-600x110.png 600w" sizes="(max-width: 800px) 100vw, 800px" />														</div>
						</div>
				</div>
				<div class="elementor-element elementor-element-1ed8a3a elementor-widget elementor-widget-image" data-id="1ed8a3a" data-element_type="widget" data-widget_type="image.default">
				<div class="elementor-widget-container">
								<div class="elementor-image">
												<img width="800" height="534" src="https://arbeit-und-medizin.de/wp-content/uploads/2020/04/covid-19-5070666_1920-1024x684.jpg" class="attachment-large size-large" alt="" loading="lazy" srcset="https://arbeit-und-medizin.de/wp-content/uploads/2020/04/covid-19-5070666_1920-1024x684.jpg 1024w, https://arbeit-und-medizin.de/wp-content/uploads/2020/04/covid-19-5070666_1920-300x200.jpg 300w, https://arbeit-und-medizin.de/wp-content/uploads/2020/04/covid-19-5070666_1920-768x513.jpg 768w, https://arbeit-und-medizin.de/wp-content/uploads/2020/04/covid-19-5070666_1920-1536x1026.jpg 1536w, https://arbeit-und-medizin.de/wp-content/uploads/2020/04/covid-19-5070666_1920-600x401.jpg 600w, https://arbeit-und-medizin.de/wp-content/uploads/2020/04/covid-19-5070666_1920.jpg 1920w" sizes="(max-width: 800px) 100vw, 800px" />														</div>
						</div>
				</div>
				<div class="elementor-element elementor-element-7dec1bf elementor-widget elementor-widget-text-editor" data-id="7dec1bf" data-element_type="widget" data-widget_type="text-editor.default">
				<div class="elementor-widget-container">
								<div class="elementor-text-editor elementor-clearfix">
				<article><div><div><h2>Kontakt:</h2><p>Telefon: 07054 9294488<br />E-Mail: <a href="mailto:janssen@arbeit-und-medizin.de">janssen@arbeit-und-medizin.de</a></p></div></div></article>					</div>
						</div>
				</div>
						</div>
					</div>
		</div>
								</div>
					</div>
		</section>
						</div>
						</div>
					</div>

<p>Wir erstellen für Sie einen Pandemie Notfall Plan Benennung eines/einer Verantwortlichen für die Planung und die Vorbereitungsmaßnahmen für eine Influenzapandemie, Einbeziehung der notwendigen Beteiligten bzw. Betriebsbereiche Ausarbeitung eines Führungskonzeptes für eine Influenzapandemie in größeren Unternehmen Festlegung von Regeln der Information und Kommunikation, z. B. zur Information von Mitarbeitern, Kunden und der Öffentlichkeit Zentrale Steuerung aller [&hellip;]</p>
